{"id":52,"date":"2012-11-08T08:33:26","date_gmt":"2012-11-08T07:33:26","guid":{"rendered":"http:\/\/www.imostar.com\/theo\/?page_id=52"},"modified":"2025-11-19T10:20:49","modified_gmt":"2025-11-19T09:20:49","slug":"home","status":"publish","type":"page","link":"https:\/\/www.assconsulting.eu\/","title":{"rendered":"Herzlich Willkommen bei ASSCON"},"content":{"rendered":"\n<div class=\"wp-block-group\"><div class=\"wp-block-group__inner-container is-layout-constrained wp-block-group-is-layout-constrained\">\n<h3 class=\"wp-block-heading has-text-align-center\"><\/h3>\n\n\n\n<p class=\"has-medium-font-size\"><span style=\"color: #000000;\">Wir sind Ihr pers\u00f6nlicher Versicherungs- und Finanzmakler mit \u00fcber 25 Jahren qualifizierter und IHK gepr\u00fcfter Erfahrung. <\/span><\/p>\n\n\n\n<div class=\"wp-block-media-text is-stacked-on-mobile\" style=\"grid-template-columns:40% auto\"><figure class=\"wp-block-media-text__media\"><img loading=\"lazy\" decoding=\"async\" width=\"1024\" height=\"676\" src=\"https:\/\/www.assconsulting.eu\/wp-content\/uploads\/2023\/12\/finance-4858797-1-1024x676.jpg\" alt=\"\" class=\"wp-image-5414 size-full\" srcset=\"https:\/\/www.assconsulting.eu\/wp-content\/uploads\/2023\/12\/finance-4858797-1-1024x676.jpg 1024w, https:\/\/www.assconsulting.eu\/wp-content\/uploads\/2023\/12\/finance-4858797-1-300x198.jpg 300w, https:\/\/www.assconsulting.eu\/wp-content\/uploads\/2023\/12\/finance-4858797-1-768x507.jpg 768w, https:\/\/www.assconsulting.eu\/wp-content\/uploads\/2023\/12\/finance-4858797-1-1536x1014.jpg 1536w, https:\/\/www.assconsulting.eu\/wp-content\/uploads\/2023\/12\/finance-4858797-1-2048x1351.jpg 2048w\" sizes=\"auto, (max-width: 1024px) 100vw, 1024px\" \/><\/figure><div class=\"wp-block-media-text__content\">\n<p class=\"has-black-color has-text-color has-link-color has-medium-font-size wp-elements-ea4b323a34c36724bfe0e43a868843a0\"><span style=\"color: #000000;\">Unsere Spezialit\u00e4t ist unser individueller Rundumservice f\u00fcr <strong>Mandanten, die das Besondere suchen<\/strong> &#8211; sowohl im privaten, als auch betrieblichen Bereich.<\/span><\/p>\n\n\n\n<p class=\"has-black-color has-text-color has-link-color has-medium-font-size wp-elements-04e2925349e289a4237183f7dd880a20\"><span style=\"color: #000000;\">Dabei garantieren wir <strong>individuelle Marktvergleiche<\/strong> durch unseren Anschluss an den Deutschen Maklerverbund mit \u00fcber 3.000 Maklern, wodurch wir <strong>Zugang zu \u00fcber 150 Banken und Versicherungsgesellschaften <\/strong>haben. <\/span><\/p>\n<\/div><\/div>\n<\/div><\/div>\n\n\n\n<p><\/p>\n\n\n\n<p class=\"has-black-color has-text-color has-link-color has-medium-font-size wp-elements-8d9a5cd5ec5e450931f9d2e8117f901e\"><span style=\"color: #000000;\">Selbst\u00e4ndigen und Firmen bieten wir durch unsere <strong>Sonderkonzepte<\/strong>, die speziell auf die berufstypischen Gegebenheiten zugeschnitten sind, hohe Einsparpotentiale bei h\u00f6chstm\u00f6glicher Absicherung. Bei uns stehen SIE im Mittelpunkt. So einzigartig wie jeder unserer Mandanten, so individuell ist unser Service f\u00fcr Sie. Ihre Zufriedenheit ist unser Markenzeichen!<\/span><\/p>\n\n\n\n<p><\/p>\n\n\n\n<p class=\"has-medium-font-size\"><span style=\"color: #000000;\"><span style=\"color: #000000;\"><a style=\"color: #000000;\" href=\"https:\/\/www.assconsulting.eu\/wp-content\/uploads\/2015\/01\/ASSCON1.mp4\"><strong>Sehen Sie hier unsere Firmenpr\u00e4sentation<\/strong><\/a><\/span><\/span><\/p>\n\n\n\n<h6 class=\"wp-block-heading has-text-color has-link-color wp-elements-ba9d4944f204b10df8e1d31e8f6fe2e9\" style=\"color:#f7f6f6\"><span style=\"color: #999999;\">Stadtportal f\u00fcr Berlin: &nbsp;<a style=\"color: #999999;\" title=\"Stadtportal f\u00fcr Berlin\" href=\"https:\/\/www.berlin-informativ.de\" target=\"_blank\" rel=\"noopener\">https:\/\/www.berlin-informativ.de<\/a><\/span><\/h6>\n\n\n\n<div class=\"wp-block-media-text alignwide is-stacked-on-mobile\"><figure class=\"wp-block-media-text__media\"><\/figure><div class=\"wp-block-media-text__content\">\n<p><\/p>\n<\/div><\/div>\n","protected":false},"excerpt":{"rendered":"<p>Wir sind Ihr pers\u00f6nlicher Versicherungs- und Finanzmakler mit \u00fcber 25 Jahren qualifizierter und IHK gepr\u00fcfter Erfahrung. Unsere Spezialit\u00e4t ist unser individueller Rundumservice f\u00fcr Mandanten, die das Besondere suchen &#8211; sowohl im privaten, als auch betrieblichen Bereich. Dabei garantieren wir individuelle Marktvergleiche durch unseren Anschluss an den Deutschen Maklerverbund mit \u00fcber 3.000 Maklern, wodurch wir Zugang [&hellip;]<\/p>\n","protected":false},"author":1,"featured_media":0,"parent":0,"menu_order":1,"comment_status":"closed","ping_status":"closed","template":"templates\/fullwidth.php","meta":{"footnotes":""},"class_list":["post-52","page","type-page","status-publish","hentry"],"_links":{"self":[{"href":"https:\/\/www.assconsulting.eu\/index.php?rest_route=\/wp\/v2\/pages\/52","targetHints":{"allow":["GET"]}}],"collection":[{"href":"https:\/\/www.assconsulting.eu\/index.php?rest_route=\/wp\/v2\/pages"}],"about":[{"href":"https:\/\/www.assconsulting.eu\/index.php?rest_route=\/wp\/v2\/types\/page"}],"author":[{"embeddable":true,"href":"https:\/\/www.assconsulting.eu\/index.php?rest_route=\/wp\/v2\/users\/1"}],"replies":[{"embeddable":true,"href":"https:\/\/www.assconsulting.eu\/index.php?rest_route=%2Fwp%2Fv2%2Fcomments&post=52"}],"version-history":[{"count":155,"href":"https:\/\/www.assconsulting.eu\/index.php?rest_route=\/wp\/v2\/pages\/52\/revisions"}],"predecessor-version":[{"id":5461,"href":"https:\/\/www.assconsulting.eu\/index.php?rest_route=\/wp\/v2\/pages\/52\/revisions\/5461"}],"wp:attachment":[{"href":"https:\/\/www.assconsulting.eu\/index.php?rest_route=%2Fwp%2Fv2%2Fmedia&parent=52"}],"curies":[{"name":"wp","href":"https:\/\/api.w.org\/{rel}","templated":true}]}}