{"id":499,"date":"2013-08-31T01:50:15","date_gmt":"2013-08-31T00:50:15","guid":{"rendered":"http:\/\/www.imostar.com\/theo\/?page_id=499"},"modified":"2025-11-19T12:13:33","modified_gmt":"2025-11-19T11:13:33","slug":"impressum","status":"publish","type":"page","link":"https:\/\/www.assconsulting.eu\/?page_id=499","title":{"rendered":"Impressum+DSVGO+IDD"},"content":{"rendered":"<h3><a class=\"highslide\" href=\"https:\/\/www.assconsulting.eu\/wp-content\/uploads\/2013\/09\/Platzhalter.png\"><img loading=\"lazy\" decoding=\"async\" class=\"alignnone  wp-image-5471\" src=\"https:\/\/www.assconsulting.eu\/wp-content\/uploads\/2025\/11\/Impressum_Website.png\" alt=\"\" width=\"751\" height=\"1008\" srcset=\"https:\/\/www.assconsulting.eu\/wp-content\/uploads\/2025\/11\/Impressum_Website.png 713w, https:\/\/www.assconsulting.eu\/wp-content\/uploads\/2025\/11\/Impressum_Website-224x300.png 224w\" sizes=\"auto, (max-width: 751px) 100vw, 751px\" \/><\/a><\/h3>\n<h3>Disclaimer &#8211; rechtliche Hinweise<\/h3>\n<p style=\"text-align: justify;\"><span style=\"font-family: 'Verdana'; color: #000000;\">ASSCON Ihr innovativer Versicherungs- und Finanzservice &#8211; im Folgenden kurz ASSCON genannt &#8211; versichert, dass KEINE Beteiligungen gleich welcher Art zu Banken, Versicherungen oder sonstigen Firmen bestehen. ASSCON dient einzig den Interessen des Klienten und wird alle zur Erstellung einer Kosteneinsparungsanalyse erhobenen Daten streng vertraulich behandeln.<\/span><\/p>\n<p align=\"justify\"><span style=\"font-family: 'Verdana'; color: #000000;\"><b>1. Haftungsbeschr\u00e4nkung<\/b><\/span><\/p>\n<p align=\"justify\"><span style=\"font-family: 'Verdana'; color: #000000;\">Die Inhalte dieser Website werden mit gr\u00f6\u00dftm\u00f6glicher Sorgfalt erstellt. ASSCON \u00fcbernimmt jedoch keine Gew\u00e4hr f\u00fcr die Richtigkeit, Vollst\u00e4ndigkeit und Aktualit\u00e4t der bereitgestellten Inhalte. Die Nutzung der Inhalte der Website erfolgt auf eigene Gefahr des Nutzers. Haftungsanspr\u00fcche gegen den Autor, welche sich auf Sch\u00e4den materieller oder ideeller Art beziehen, die durch die Nutzung oder Nichtnutzung der dargebotenen Informationen bzw. durch die Nutzung fehlerhafter und unvollst\u00e4ndiger Informationen verursacht wurden, sind grunds\u00e4tzlich ausgeschlossen. Namentlich gekennzeichnete Beitr\u00e4ge geben die Meinung des jeweiligen Autors und nicht immer die Meinung von ASSCON wieder. Mit der reinen Nutzung der Website des Anbieters kommt keinerlei Vertragsverh\u00e4ltnis zwischen dem Nutzer und dem Anbieter zustande.<\/span><\/p>\n<p align=\"justify\"><span style=\"font-family: 'Verdana'; color: #000000;\"><b>2. Externe Links<\/b><\/span><\/p>\n<p align=\"justify\"><span style=\"font-family: 'Verdana'; color: #000000;\"> Diese Website enth\u00e4lt Verkn\u00fcpfungen zu Websites Dritter (&#8220;externe Links&#8221;). Diese Websites unterliegen der Haftung der jeweiligen Betreiber. Der Anbieter hat bei der erstmaligen Verkn\u00fcpfung der externen Links die fremden Inhalte daraufhin \u00fcberpr\u00fcft, ob etwaige Rechtsverst\u00f6\u00dfe bestehen. Zu dem Zeitpunkt waren keine Rechtsverst\u00f6\u00dfe ersichtlich. Der Anbieter hat keinerlei Einfluss auf die aktuelle und zuk\u00fcnftige Gestaltung und auf die Inhalte der verkn\u00fcpften Seiten. Das Setzen von externen Links bedeutet nicht, dass sich der Anbieter die hinter dem Verweis oder Link liegenden Inhalte zu Eigen macht. Eine st\u00e4ndige Kontrolle dieser externen Links ist f\u00fcr den Anbieter ohne konkrete Hinweise auf Rechtsverst\u00f6\u00dfe nicht zumutbar. Bei Kenntnis von Rechtsverst\u00f6\u00dfen wer-den jedoch derartige externe Links unverz\u00fcglich gel\u00f6scht.<\/span><\/p>\n<p align=\"justify\"><span style=\"font-family: 'Verdana'; color: #000000;\"><b>3. Urheber- und Leistungsschutzrechte<\/b><\/span><\/p>\n<p align=\"justify\"><span style=\"font-family: 'Verdana'; color: #000000;\">Der Sitebetreiber ist bestrebt, in allen Publikationen die Urheberrechte der verwendeten Grafiken und Texte zu beachten, von ihm selbst erstellte Grafiken und Texte zu nutzen oder auf lizenzfreie Grafiken, und Texte zur\u00fcck-zugreifen. Sollte sich auf den jeweiligen Seiten dennoch eine ungekennzeichnete, aber durch fremdes Copyright gesch\u00fctzte Grafik, oder Text befinden, so konnte das Copyright vom Autor nicht festgestellt werden. Im Falle einer solchen unbeabsichtigten Copyright Verletzung wird der Sitebetreiber das entsprechende Objekt nach Benachrichtigung aus seiner Publikation entfernen bzw. mit dem entsprechenden Copyright kenntlich machen. Das Copyright f\u00fcr ver\u00f6ffentlichte, von ASSCON selbst erstellte Objekte bleibt allein beim Sitebetreiber. Die auf dieser Website ver\u00f6ffentlichten Inhalte unterliegen dem europ\u00e4ischen Urheber- und Leistungsschutzrecht. Jede vom europ\u00e4ischen Urheber- und Leistungsschutzrecht nicht zugelassene Verwertung bedarf der vorherigen schriftlichen Zustimmung von ASSCON oder des jeweiligen Rechteinhabers. Dies gilt insbesondere f\u00fcr Vervielf\u00e4ltigung, Bearbeitung, \u00dcbersetzung, Einspeicherung, Verarbeitung bzw. Wiedergabe von Inhalten in Datenbanken oder anderen elektronischen Medien und Systemen. Die unerlaubte Vervielf\u00e4ltigung oder Weiter-gabe einzelner Inhalte oder kompletter Seiten ist nicht gestattet und wird strafrechtlich geandet. Die Darstellung dieser Website in fremden Frames ist nur mit schriftlicher Erlaubnis zul\u00e4ssig.<\/span><\/p>\n<p align=\"justify\"><span style=\"font-family: 'Verdana'; color: #000000;\"><b>4.Bildnachweise<\/b><\/span><\/p>\n<p align=\"justify\"><span style=\"font-family: 'Verdana'; color: #000000;\">Auf dieser Seite werden Bilder mit Genehmigung von Stock.XCHNG (SXC.hu der HAAP Media Ltd.) unter Einhaltung der Image license agreement verwendet.<\/span><\/p>\n<p align=\"justify\"><span style=\"font-family: 'Verdana'; color: #000000;\"><b>5. Datenschutz<\/b><\/span><\/p>\n<p align=\"justify\"><span style=\"font-family: 'Verdana'; color: #000000;\">ASSCON weist ausdr\u00fccklich darauf hin, dass die Daten\u00fcbertragung im Internet (z.B. bei der Kommunikation per E-Mail) Sicherheitsl\u00fccken aufweisen und nicht l\u00fcckenlos vor dem Zugriff durch Dritte gesch\u00fctzt werden kann. Die Verwendung der Kontaktdaten des Impressums zur gewerblichen Werbung ist ausdr\u00fccklich untersagt, es sei denn der Anbieter hatte zuvor seine schriftliche Einwilligung erteilt oder es besteht bereits eine Gesch\u00e4ftsbeziehung. Der Anbieter und alle auf dieser Website genannten Personen widersprechen hiermit jeder kommerziellen Verwendung und Weitergabe ihrer Daten.<\/span><\/p>\n<p align=\"justify\"><span style=\"font-family: 'Verdana'; color: #000000;\">Hinweis gem. BDSG: Mit Ausf\u00fcllen von Internet-Formularen erkl\u00e4ren Sie sich mit der dauerhaften Speicherung Ihrer pers\u00f6nlichen Daten in der Datenbank unseres Servers einverstanden. Sie haben, soweit gesetzlich zul\u00e4ssig oder erforderlich, jederzeit das Recht auf Auskunft oder L\u00f6schung derjenigen Daten, die f\u00fcr eine gesch\u00e4ftliche Dokumentation nicht mehr relevant sind. Ihre pers\u00f6nlichen Daten werden ausschlie\u00dflich durch ASSCON gespeichert und Dritten, wie z.B. anderen Firmen, Beh\u00f6rden&#8230; nicht zug\u00e4nglich gemacht.\u00a0<\/span><strong><span style=\"font-family: 'Verdana'; color: #000000;\">Die ausf\u00fchrliche Datenschutzerkl\u00e4rung kann hier eingesehen werden:\u00a0<a href=\"https:\/\/www.assconsulting.eu\/?page_id=996\">DATENSCHUTZERKL\u00c4RUNG\u00a0<\/a>Mit der Nutzung unserer Seite erkl\u00e4ren Sie diese gelesen und verstanden zu haben sowie dieser zuzustimmen.<\/span><\/strong><\/p>\n<p align=\"justify\"><span style=\"font-family: 'Verdana'; color: #000000;\"><b>6. Keine Abmahnung ohne vorherigen Kontakt<\/b><\/span><\/p>\n<p align=\"justify\"><span style=\"font-family: 'Verdana'; color: #000000;\">Mit Nutzung dieser Website erkl\u00e4ren Sie sich mit folgender Regelung einverstanden: Vor jeglicher kostenpflichtiger Abmahnung senden Sie uns bitte eine Beanstandungs-Email mit exakten Angaben des beanstandeten Inhalts unserer Website. Im Falle der Geltendmachung von Anspr\u00fcchen jeglicher Art aus urheber-, wettbewerbsrechtlichen sowie markenrechtlichen Angelegenheiten bitten wir, zur Vermeidung unn\u00f6tiger Rechtsstreitigkeiten, Abmahnungen und Kosten, uns umgehend zu kontaktieren. Falls Anspr\u00fcche der oben genannten Art reklamiert werden, sagen wir bereits hier vor einer endg\u00fcltigen rechtsverbindlichen Kl\u00e4rung Abhilfe zu, durch die eine eventuelle Wiederholungsgefahr verbindlich ausgeschlossen ist. Eine dennoch ergehende Kostennote einer anwaltlichen Abmahnung ohne vorhergehende Kontaktaufnahme w\u00fcrde sodann wegen nicht Beachtung einer Schadensminderungspflicht zur\u00fcckgewiesen. Bei in diesem Sinne unn\u00f6tigen bzw. unberechtigten Abmahnungen und Folgema\u00dfnahmen w\u00fcrde mit einer negativen Feststellungsklage geantwortet.<\/span><\/p>\n<p align=\"justify\"><span style=\"font-family: 'Verdana'; color: #000000;\"><b>7. Rechtswirksamkeit dieses Haftungsausschlusses<\/b><\/span><\/p>\n<p align=\"justify\"><span style=\"font-family: 'Verdana'; color: #000000;\">Dieser Haftungsausschluss ist als Teil des Internetangebotes zu betrachten, von dem aus auf diese Seite verwiesen wurde. Sofern Teile oder einzelne Formulierungen dieses Textes der geltenden Rechtslage nicht, nicht mehr oder nicht vollst\u00e4ndig entsprechen sollten, bleiben die \u00fcbrigen Teile des Disclaimers in ihrem Inhalt und ihrer G\u00fcltigkeit davon unber\u00fchrt.<\/span><\/p>\n","protected":false},"excerpt":{"rendered":"<p>Disclaimer &#8211; rechtliche Hinweise ASSCON Ihr innovativer Versicherungs- und Finanzservice &#8211; im Folgenden kurz ASSCON genannt &#8211; versichert, dass KEINE Beteiligungen gleich welcher Art zu Banken, Versicherungen oder sonstigen Firmen bestehen. ASSCON dient einzig den Interessen des Klienten und wird alle zur Erstellung einer Kosteneinsparungsanalyse erhobenen Daten streng vertraulich behandeln. 1. Haftungsbeschr\u00e4nkung Die Inhalte dieser [&hellip;]<\/p>\n","protected":false},"author":1,"featured_media":0,"parent":0,"menu_order":7,"comment_status":"closed","ping_status":"closed","template":"","meta":{"footnotes":""},"class_list":["post-499","page","type-page","status-publish","hentry"],"_links":{"self":[{"href":"https:\/\/www.assconsulting.eu\/index.php?rest_route=\/wp\/v2\/pages\/499","targetHints":{"allow":["GET"]}}],"collection":[{"href":"https:\/\/www.assconsulting.eu\/index.php?rest_route=\/wp\/v2\/pages"}],"about":[{"href":"https:\/\/www.assconsulting.eu\/index.php?rest_route=\/wp\/v2\/types\/page"}],"author":[{"embeddable":true,"href":"https:\/\/www.assconsulting.eu\/index.php?rest_route=\/wp\/v2\/users\/1"}],"replies":[{"embeddable":true,"href":"https:\/\/www.assconsulting.eu\/index.php?rest_route=%2Fwp%2Fv2%2Fcomments&post=499"}],"version-history":[{"count":34,"href":"https:\/\/www.assconsulting.eu\/index.php?rest_route=\/wp\/v2\/pages\/499\/revisions"}],"predecessor-version":[{"id":5478,"href":"https:\/\/www.assconsulting.eu\/index.php?rest_route=\/wp\/v2\/pages\/499\/revisions\/5478"}],"wp:attachment":[{"href":"https:\/\/www.assconsulting.eu\/index.php?rest_route=%2Fwp%2Fv2%2Fmedia&parent=499"}],"curies":[{"name":"wp","href":"https:\/\/api.w.org\/{rel}","templated":true}]}}