{"id":382,"date":"2013-08-30T02:56:31","date_gmt":"2013-08-30T01:56:31","guid":{"rendered":"http:\/\/www.imostar.com\/theo\/?page_id=382"},"modified":"2023-12-28T20:20:56","modified_gmt":"2023-12-28T19:20:56","slug":"service","status":"publish","type":"page","link":"https:\/\/www.assconsulting.eu\/?page_id=382","title":{"rendered":"Service"},"content":{"rendered":"\n<p class=\"has-black-color has-text-color has-link-color has-medium-font-size wp-elements-63b2d115a9a1319aa55a5742629a68f8\"><strong>Was wir unter Service verstehen<\/strong><\/p>\n\n\n\n<div class=\"wp-block-media-text is-stacked-on-mobile\" style=\"grid-template-columns:45% auto\"><figure class=\"wp-block-media-text__media\"><img loading=\"lazy\" decoding=\"async\" width=\"1024\" height=\"559\" src=\"https:\/\/www.assconsulting.eu\/wp-content\/uploads\/2023\/12\/technology-7111799-1024x559.jpg\" alt=\"\" class=\"wp-image-5441 size-full\" srcset=\"https:\/\/www.assconsulting.eu\/wp-content\/uploads\/2023\/12\/technology-7111799-1024x559.jpg 1024w, https:\/\/www.assconsulting.eu\/wp-content\/uploads\/2023\/12\/technology-7111799-300x164.jpg 300w, https:\/\/www.assconsulting.eu\/wp-content\/uploads\/2023\/12\/technology-7111799-768x420.jpg 768w, https:\/\/www.assconsulting.eu\/wp-content\/uploads\/2023\/12\/technology-7111799-1536x839.jpg 1536w, https:\/\/www.assconsulting.eu\/wp-content\/uploads\/2023\/12\/technology-7111799-2048x1119.jpg 2048w\" sizes=\"auto, (max-width: 1024px) 100vw, 1024px\" \/><\/figure><div class=\"wp-block-media-text__content\">\n<p class=\"has-black-color has-text-color has-link-color has-medium-font-size wp-elements-b0053ef86450f33d9da8bcfc06f0c2e5\">Vor jeglicher Beratung steht ein <strong>ausf\u00fchrlicher Versorgungs- und Finanzcheck<\/strong>, dessen Mittelpunkt die ganzheitliche, differenzierte Analyse Ihrer Verm\u00f6gens- und Finanzsituation ist. <\/p>\n\n\n\n<p class=\"has-black-color has-text-color has-link-color has-medium-font-size wp-elements-b5a7332f29848c53bd4f794142108deb\">Ziel ist die Schlie\u00dfung existenzbedrohlicher Versorgungsl\u00fccken sowie die Erh\u00f6hung Ihres verf\u00fcgbaren Nettoeinkommens durch drastische Kosteneinsparungsma\u00dfnahmen und Aussch\u00f6pfung staatlicher F\u00f6rderungen.<\/p>\n<\/div><\/div>\n\n\n\n<p class=\"has-black-color has-text-color has-link-color has-medium-font-size wp-elements-9ea9de3557edab6b4469dff93e6affdc\"><\/p>\n\n\n\n<p class=\"has-black-color has-text-color has-link-color has-medium-font-size wp-elements-0dd8f92d3e4cb64c35d3e8e1fa4ee2f4\">Zudem gehen wir auch auf Ihre individuellen Ziele ein wie z.B. die Verringerung steuerlicher Belastungen, Aufbau eines nachhaltig soliden Verm\u00f6genswachstums, individuelle Absicherung Ihrer Arbeitskraft, intelligente Nachlassplanung, Sicherung Ihres Verm\u00f6gens vor Inflation \u2026 .<\/p>\n\n\n\n<p class=\"has-black-color has-text-color has-link-color has-medium-font-size wp-elements-3b12ca675bac5b315cea4c6d25e0f424\">Selbst\u00e4ndigen und Firmen helfen wir dar\u00fcber hinaus bei der Verbesserung Ihres Basel-II Ratings. Durch \u00dcbernahme Ihres Forderungsmanagements schaffen Sie sich erh\u00f6hte Kapazit\u00e4ten f\u00fcr Ihr Kerngesch\u00e4ft. Sollten Ihre Au\u00dfenst\u00e4nde durch Insolvenz des Schuldners nicht einzutreiben sein, kann ein gro\u00dfer Teil der Au\u00dfenst\u00e4nde von einer Kreditversicherung an Sie ausgezahlt werden!<\/p>\n\n\n\n<p><\/p>\n\n\n\n<p><\/p>\n\n\n\n<p class=\"has-black-color has-text-color has-link-color has-medium-font-size wp-elements-728660d7e0a0ee2dad0dd80ad96c4a85\"><br><\/p>\n","protected":false},"excerpt":{"rendered":"<p>Was wir unter Service verstehen Vor jeglicher Beratung steht ein ausf\u00fchrlicher Versorgungs- und Finanzcheck, dessen Mittelpunkt die ganzheitliche, differenzierte Analyse Ihrer Verm\u00f6gens- und Finanzsituation ist. Ziel ist die Schlie\u00dfung existenzbedrohlicher Versorgungsl\u00fccken sowie die Erh\u00f6hung Ihres verf\u00fcgbaren Nettoeinkommens durch drastische Kosteneinsparungsma\u00dfnahmen und Aussch\u00f6pfung staatlicher F\u00f6rderungen. Zudem gehen wir auch auf Ihre individuellen Ziele ein wie z.B. [&hellip;]<\/p>\n","protected":false},"author":1,"featured_media":0,"parent":0,"menu_order":2,"comment_status":"closed","ping_status":"closed","template":"templates\/fullwidth.php","meta":{"footnotes":""},"class_list":["post-382","page","type-page","status-publish","hentry"],"_links":{"self":[{"href":"https:\/\/www.assconsulting.eu\/index.php?rest_route=\/wp\/v2\/pages\/382","targetHints":{"allow":["GET"]}}],"collection":[{"href":"https:\/\/www.assconsulting.eu\/index.php?rest_route=\/wp\/v2\/pages"}],"about":[{"href":"https:\/\/www.assconsulting.eu\/index.php?rest_route=\/wp\/v2\/types\/page"}],"author":[{"embeddable":true,"href":"https:\/\/www.assconsulting.eu\/index.php?rest_route=\/wp\/v2\/users\/1"}],"replies":[{"embeddable":true,"href":"https:\/\/www.assconsulting.eu\/index.php?rest_route=%2Fwp%2Fv2%2Fcomments&post=382"}],"version-history":[{"count":19,"href":"https:\/\/www.assconsulting.eu\/index.php?rest_route=\/wp\/v2\/pages\/382\/revisions"}],"predecessor-version":[{"id":5451,"href":"https:\/\/www.assconsulting.eu\/index.php?rest_route=\/wp\/v2\/pages\/382\/revisions\/5451"}],"wp:attachment":[{"href":"https:\/\/www.assconsulting.eu\/index.php?rest_route=%2Fwp%2Fv2%2Fmedia&parent=382"}],"curies":[{"name":"wp","href":"https:\/\/api.w.org\/{rel}","templated":true}]}}